er when 32 is divided by 18.
14
Calculate the remainder when 45 is divided by 33.
12
What is the remainder when 704 is divided by 348?
8
What is the remainder when 859 is divided by 30?
19
Calculate the remainder when 41 is divided by 35.
6
What is the remainder when 1066 is divided by 26?
0
What is the remainder when 127 is divided by 70?
57
Calculate the remainder when 2383 is divided by 149.
148
Calculate the remainder when 715 is divided by 79.
4
What is the remainder when 32 is divided by 2?
0
What is the remainder when 1845 is divided by 24?
21
What is the remainder when 2406 is divided by 58?
28
Calculate the remainder when 8298 is divided by 100.
98
Calculate the remainder when 6716 is divided by 13.
8
What is the remainder when 196 is divided by 5?
1
What is the remainder when 95 is divided by 11?
7
What is the remainder when 100 is divided by 28?
16
What is the remainder when 412 is divided by 59?
58
What is the remainder when 90 is divided by 7?
6
What is the remainder when 814 is divided by 48?
46
What is the remainder when 24 is divided by 7?
3
Calculate the remainder when 286 is divided by 29.
25
What is the remainder when 1174 is divided by 8?
6
Calculate the remainder when 45 is divided by 1.
0
What is the remainder when 85 is divided by 15?
10
What is the remainder when 153 is divided by 52?
49
What is the remainder when 1264 is divided by 182?
172
Calculate the remainder when 10991 is divided by 239.
236
Calculate the remainder when 294 is divided by 115.
64
What is the remainder when 817 is divided by 203?
5
Calculate the remainder when 69 is divided by 15.
9
What is the remainder when 106 is divided by 36?
34
What is the remainder when 1848 is divided by 50?
48
What is the remainder when 1514 is divided by 30?
14
Calculate the remainder when 3065 is divided by 14.
13
What is the remainder when 388 is divided by 244?
144
Calculate the remainder when 274 is divided by 35.
29
Calculate the remainder when 151 is divided by 54.
43
Calculate the remainder when 963 is divided by 53.
9
What is the remainder when 11797 is divided by 14?
9
What is the remainder when 1098 is divided by 44?
42
Calculate the remainder when 46 is divided by 26.
20
What is the remainder when 123 is divided by 62?
61
Calculate the remainder when 7933 is divided by 31.
28
What is the remainder when 116 is divided by 13?
12
What is the remainder when 268 is divided by 85?
13
What is the remainder when 4727 is divided by 182?
177
What is the remainder when 510 is divided by 14?
6
What is the remainder when 755 is divided by 372?
11
Calculate the remainder when 816 is divided by 9.
6
What is the remainder when 588 is divided by 31?
30
What is the remainder when 4509 is divided by 13?
11
What is the remainder when 652 is divided by 60?
52
Calculate the remainder when 1813 is divided by 904.
5
Calculate the remainder when 1105 is divided by 185.
180
What is the remainder when 768 is divided by 20?
8
Calculate the remainder when 6289 is divided by 170.
169
Calculate the remainder when 103 is divided by 27.
22
What is the remainder when 658 is divided by 66?
64
Calculate the remainder when 417 is divided by 6.
3
Calculate the remainder when 600 is divided by 6.
0
What is the remainder when 856 is divided by 22?
20
Calculate the remainder when 1007 is divided by 166.
11
What is the remainder when 33876 is divided by 11?
7
Calculate the remainder when 208 is divided by 17.
4
What is the remainder when 103 is divided by 18?
13
Calculate the remainder when 243 is divided by 28.
19
Calculate the remainder when 465 is divided by 74.
21
What is the remainder when 1077 is divided by 22?
21
Calculate the remainder when 139 is divided by 9.
4
Calculate the remainder when 2125 is divided by 27.
19
What is the remainder when 887 is divided by 97?
14
Calculate the remainder when 5675 is divided by 17.
14
Calculate the remainder when 702 is divided by 16.
14
Calculate the remainder when 2459 is divided by 107.
105
Calculate the remainder when 825 is divided by 46.
43
What is the remainder when 3066 is divided by 278?
8
Calculate the remainder when 634 is divided by 64.
58
What is the remainder when 739 is divided by 13?
11
What is the remainder when 1441 is divided by 37?
35
Calculate the remainder when 35 is divided by 12.
11
Calculate the remainder when 349 is divided by 39.
37
What is the remainder when 344 is divided by 275?
69
Calculate the remainder when 618 is divided by 142.
50
Calculate the remainder when 2617 is divided by 34.
33
What is the remainder when 846 is divided by 176?
142
What is the remainder when 199 is divided by 17?
12
What is the remainder when 23843 is divided by 271?
266
What is the remainder when 2608 is divided by 64?
48
Calculate the remainder when 28 is divided by 17.
11
What is the remainder when 6607 is divided by 112?
111
What is the remainder when 228 is divided by 48?
36
Calculate the remainder when 3601 is divided by 106.
103
Calculate the remainder when 22939 is divided by 9.
7
What is the remainder when 614 is divided by 8?
6
What is the remainder when 359 is divided by 5?
4
What is the remainder when 189 is divided by 61?
6
Calculate the remainder when 100 is divided by 15.
10
Calculate the remainder when 209 is divided by 39.
14
What is the remainder when 234 is divided by 185?
49
What is the remainder when 317 is divided by 101?
14
What is the remainder when 270 is divided by 134?
2
Calculate the remainder when 392 is divided by 44.
40
Calculate the remainder when 89 is divided by 30.
29
What is the remainder when 133 is divided by 49?
35
Calculate the remainder when 753 is divided by 21.
18
What is the remainder when 133 is divided by 35?
28
Calculate the remainder when 407 is divided by 24.
23
Calculate the remainder when 72 is divided by 61.
11
What is the remainder when 5150 is divided by 32?
30
What is the remainder when 7802 is divided by 372?
362
What is the remainder when 820 is divided by 44?
28
Calculate the remainder when 831 is divided by 11.
6
Calculate the remainder when 486 is divided by 144.
54
What is the remainder when 2845 is divided by 16?
13
Calculate the remainder when 382 is divided by 219.
163
Calculate the remainder when 498 is divided by 160.
18
What is the remainder when 454 is divided by 38?
36
Calculate the remainder when 1714 is divided by 35.
34
What is the remainder when 210 is divided by 72?
66
Calculate the remainder when 2592 is divided by 173.
170
What is the remainder when 254 is divided by 56?
30
Calculate the remainder when 380 is divided by 57.
38
What is the remainder when 70 is divided by 21?
7
Calculate the remainder when 336 is divided by 27.
12
What is the remainder when 2875 is divided by 20?
15
What is the remainder when 571 is divided by 22?
21
Calculate the remainder when 26 is divided by 6.
2
Calculate the remainder when 4142 is divided by 51.
11
Calculate the remainder when 42 is divided by 31.
11
What is the remainder when 93 is divided by 11?
5
What is the remainder when 308 is divided by 39?
35
Calculate the remainder when 214 is divided by 200.
14
What is the remainder when 94 is divided by 48?
46
What is the remainder when 1117 is divided by 543?
31
Calculate the remainder when 568 is divided by 47.
4
Calculate the remainder when 563 is divided by 71.
66
Calculate the remainder when 1679 is divided by 817.
45
What is the remainder when 168 is divided by 53?
9
What is the remainder when 438 is divided by 22?
20
Calculate the remainder when 1458 is divided by 42.
30
What is the remainder when 71 is divided by 15?
11
What is the remainder when 1028 is divided by 87?
71
Calculate the remainder when 117 is divided by 20.
17
What is the remainder when 578 is divided by 83?
80
What is the remainder when 785 is divided by 23?
3
What is the remainder when 756 is divided by 9?
0
What is the remainder when 136 is divided by 48?
40
What is the remainder when 2624 is divided by 3?
2
What is the remainder when 86 is divided by 27?
5
Calculate the remainder when 796 is divided by 166.
132
What is the remainder when 1678 is divided by 80?
78
Calculate the remainder when 411 is divided by 51.
3
Calculate the remainder when 160 is divided by 22.
6
Calculate the remainder when 1442 is divided b